{"id":17,"date":"2015-12-03T11:36:33","date_gmt":"2015-12-03T10:36:33","guid":{"rendered":"http:\/\/dataport-info.de\/?page_id=17"},"modified":"2025-06-30T13:09:56","modified_gmt":"2025-06-30T11:09:56","slug":"impressum","status":"publish","type":"page","link":"http:\/\/dataport-info.de\/?page_id=17","title":{"rendered":"Impressum"},"content":{"rendered":"<p class=\"start\">Dataport<\/p>\n<p>Altenholzer Stra\u00dfe 10-14<\/p>\n<p>24161 Altenholz<\/p>\n<p>Telefon: 0431 3295-0<\/p>\n<p>E-Mail: <a href=\"mailto:poststelle@dataport.de\">poststelle@dataport.de<\/a><\/p>\n<p>Dataport ist eine Anstalt des \u00f6ffentlichen Rechts.<\/p>\n<p>Sie wird vertreten durch den Vorstand:<\/p>\n<p>Dr. Johann Bizer (Vorsitzender)<\/p>\n<p>Silke Tessmann-Storch<\/p>\n<p>Andreas Reichel<\/p>\n<p>Torsten Ko\u00df<\/p>\n<p>USt-IdNr. gem\u00e4\u00df \u00a7 27a Umsatzsteuergesetz: DE813840400<\/p>\n","protected":false},"excerpt":{"rendered":"<p>Dataport Altenholzer Stra\u00dfe 10-14 24161 Altenholz Telefon: 0431 3295-0 E-Mail: poststelle@dataport.de Dataport ist eine Anstalt des \u00f6ffentlichen Rechts. Sie wird vertreten durch den Vorstand: Dr. Johann Bizer (Vorsitzender) Silke Tessmann-Storch Andreas Reichel Torsten Ko\u00df USt-IdNr. gem\u00e4\u00df \u00a7 27a Umsatzsteuergesetz: DE813840400<\/p>\n","protected":false},"author":1,"featured_media":0,"parent":0,"menu_order":0,"comment_status":"closed","ping_status":"closed","template":"","meta":{"footnotes":""},"class_list":["post-17","page","type-page","status-publish","hentry"],"_links":{"self":[{"href":"http:\/\/dataport-info.de\/index.php?rest_route=\/wp\/v2\/pages\/17","targetHints":{"allow":["GET"]}}],"collection":[{"href":"http:\/\/dataport-info.de\/index.php?rest_route=\/wp\/v2\/pages"}],"about":[{"href":"http:\/\/dataport-info.de\/index.php?rest_route=\/wp\/v2\/types\/page"}],"author":[{"embeddable":true,"href":"http:\/\/dataport-info.de\/index.php?rest_route=\/wp\/v2\/users\/1"}],"replies":[{"embeddable":true,"href":"http:\/\/dataport-info.de\/index.php?rest_route=%2Fwp%2Fv2%2Fcomments&post=17"}],"version-history":[{"count":17,"href":"http:\/\/dataport-info.de\/index.php?rest_route=\/wp\/v2\/pages\/17\/revisions"}],"predecessor-version":[{"id":161,"href":"http:\/\/dataport-info.de\/index.php?rest_route=\/wp\/v2\/pages\/17\/revisions\/161"}],"wp:attachment":[{"href":"http:\/\/dataport-info.de\/index.php?rest_route=%2Fwp%2Fv2%2Fmedia&parent=17"}],"curies":[{"name":"wp","href":"https:\/\/api.w.org\/{rel}","templated":true}]}}